 divisor of 2162 and 30176.
46
Calculate the greatest common divisor of 7 and 127253.
7
What is the greatest common factor of 6192 and 10992?
48
What is the highest common divisor of 10668 and 212979?
381
Calculate the highest common factor of 912 and 57570.
114
Calculate the highest common factor of 183249 and 81.
27
What is the greatest common divisor of 77 and 30976?
11
What is the highest common divisor of 3901928 and 32?
8
What is the highest common factor of 665 and 7500535?
665
Calculate the greatest common divisor of 2880 and 4321440.
1440
Calculate the greatest common factor of 45 and 72180.
45
What is the greatest common factor of 1032 and 84366?
258
Calculate the highest common factor of 11895138 and 306.
306
Calculate the highest common factor of 14 and 84665.
7
Calculate the highest common factor of 192 and 15144.
24
Calculate the highest common divisor of 176 and 30184.
88
What is the highest common factor of 94 and 121213?
47
Calculate the highest common factor of 18330 and 1504.
94
What is the highest common factor of 60 and 38715?
15
Calculate the greatest common factor of 14 and 117677.
7
What is the highest common divisor of 2370 and 39340?
10
Calculate the greatest common divisor of 1462 and 36074.
34
What is the highest common divisor of 1534 and 598?
26
Calculate the greatest common factor of 207 and 11155.
23
Calculate the highest common divisor of 264 and 1034528.
88
Calculate the greatest common divisor of 1465906 and 338.
338
Calculate the highest common factor of 2648 and 1904.
8
What is the greatest common factor of 18 and 960246?
18
Calculate the greatest common divisor of 126 and 984942.
126
What is the highest common factor of 1155 and 60585?
105
What is the greatest common divisor of 175 and 143025?
25
Calculate the greatest common divisor of 187 and 9197.
17
Calculate the highest common divisor of 68 and 72148.
68
What is the greatest common divisor of 64 and 4000?
32
What is the highest common factor of 49364 and 4305?
287
What is the greatest common divisor of 3 and 9111?
3
Calculate the greatest common divisor of 561 and 7718.
17
What is the greatest common factor of 10956 and 9504?
132
Calculate the highest common divisor of 865016 and 16.
8
Calculate the highest common divisor of 70144 and 1918.
274
Calculate the greatest common factor of 8692 and 28167.
41
What is the greatest common factor of 158 and 42818?
158
What is the highest common divisor of 8370 and 10134?
18
Calculate the highest common factor of 386582 and 265.
53
What is the greatest common factor of 648 and 4552?
8
Calculate the greatest common factor of 72 and 2264.
8
What is the greatest common factor of 637 and 211239?
49
Calculate the greatest common divisor of 4103 and 44760.
373
Calculate the greatest common divisor of 148329 and 9.
9
Calculate the highest common divisor of 2156769 and 6.
3
Calculate the highest common divisor of 415225 and 1955.
85
What is the highest common factor of 101292 and 345?
69
Calculate the greatest common divisor of 2 and 10006.
2
What is the greatest common factor of 176 and 206063?
11
Calculate the highest common divisor of 836944 and 16.
16
Calculate the highest common factor of 488 and 29524.
244
Calculate the highest common divisor of 157560 and 264.
24
What is the highest common factor of 11638 and 77?
11
What is the highest common factor of 18121488 and 88?
88
Calculate the greatest common factor of 736047 and 2187.
243
What is the greatest common factor of 23 and 616055?
23
What is the greatest common divisor of 19521 and 1215?
81
Calculate the greatest common divisor of 2108 and 6052.
68
Calculate the greatest common divisor of 1389 and 38429.
463
What is the greatest common factor of 14440 and 10?
10
Calculate the greatest common factor of 125226 and 954.
18
Calculate the greatest common factor of 6868 and 6460.
68
Calculate the highest common divisor of 253 and 42163.
11
Calculate the highest common factor of 27472 and 816.
272
What is the highest common divisor of 49962 and 66?
66
What is the highest common divisor of 100 and 2096575?
25
Calculate the greatest common divisor of 40115 and 3905.
355
Calculate the greatest common divisor of 40 and 464096.
8
What is the greatest common factor of 1260 and 29750?
70
What is the highest common factor of 136759 and 2548?
49
Calculate the highest common divisor of 104 and 53612.
52
Calculate the greatest common divisor of 2057 and 15147.
187
Calculate the greatest common factor of 43585 and 1265.
115
What is the greatest common divisor of 4404 and 20?
4
Calculate the greatest common factor of 4942 and 1415530.
706
Calculate the highest common factor of 685 and 374695.
685
What is the greatest common divisor of 2004048 and 1152?
144
Calculate the greatest common factor of 38313 and 33.
33
Calculate the greatest common factor of 142702 and 14.
14
What is the greatest common divisor of 364 and 4186?
182
Calculate the greatest common factor of 5959 and 767.
59
What is the highest common factor of 1893 and 2058322?
631
What is the greatest common divisor of 14749716 and 12?
12
Calculate the highest common factor of 9071 and 9447.
47
Calculate the highest common divisor of 2532 and 1476.
12
Calculate the highest common divisor of 423 and 22257.
9
What is the greatest common factor of 8403 and 36?
3
What is the greatest common divisor of 205506 and 1372?
98
What is the greatest common divisor of 144188 and 116?
116
What is the greatest common divisor of 26291 and 1724?
431
Calculate the greatest common divisor of 3779951 and 7.
7
Calculate the greatest common factor of 8721 and 1881.
171
What is the highest common factor of 10 and 1790?
10
What is the highest common factor of 15 and 31245?
15
Calculate the greatest common factor of 2034 and 20214.
18
What is the greatest common factor of 19524 and 18?
6
What is the greatest common divisor of 108 and 28452?
12
What is the highest common factor of 3 and 301?
1
Calculate the greatest common divisor of 410 and 539765.
205
Calculate the highest common factor of 598 and 14690.
26
What is the highest common factor of 14314707 and 99?
99
What is the greatest common factor of 6675 and 7050?
75
What is the greatest common factor of 2279 and 5618?
53
Calculate the greatest common factor of 238 and 58520.
14
What is the highest common factor of 1099 and 420289?
157
Calculate the highest common factor of 29 and 43471.
29
Calculate the highest common divisor of 448 and 59192.
56
Calculate the greatest common divisor of 97590 and 160.
10
What is the highest common divisor of 36966 and 36360?
606
Calculate the greatest common factor of 13696 and 1177.
107
What is the greatest common factor of 1969 and 31862?
179
Calculate the highest common factor of 168 and 5418.
42
Calculate the highest common factor of 64565 and 111.
37
What is the greatest common divisor of 705 and 275?
5
What is the greatest common factor of 87421 and 1?
1
What is the highest common factor of 22 and 51634?
22
Calculate the highest common factor of 231 and 314538.
21
What is the greatest common factor of 192 and 246096?
48
What is the highest common factor of 5720 and 8840?
520
Calculate the highest common divisor of 206976 and 242.
22
Calculate the greatest common factor of 158704 and 3276.
364
Calculate the highest common divisor of 343714 and 14.
14
What is the greatest common divisor of 209941 and 1788?
149
Calculate the highest common factor of 407280 and 3.
3
What is the highest common divisor of 25 and 681?
1
What is the highest common divisor of 36 and 2492082?
18
What is the highest common factor of 3555 and 790?
395
What is the highest common divisor of 30280 and 115?
5
Calculate the highest common divisor of 25651 and 904.
113
Calculate the greatest common factor of 1298577 and 21.
21
What is the greatest common factor of 81664 and 44?
44
What is the greatest common divisor of 477 and 27531?
9
Calculate the highest common factor of 14580 and 8235.
135
What is the greatest common divisor of 25 and 35575?
25
What is the highest common factor of 76 and 521208?
76
Calculate the highest common divisor of 1380 and 157665.
345
What is the highest common factor of 42 and 1182?
6
What is the highest common divisor of 9273 and 43836?
843
What is the h